{"id":11818,"date":"2020-06-10T21:27:10","date_gmt":"2020-06-11T00:27:10","guid":{"rendered":"https:\/\/gamemaster.net.br\/?post_type=product&#038;p=11818"},"modified":"2025-06-12T16:17:02","modified_gmt":"2025-06-12T19:17:02","slug":"taco-gato-cabra-queijo-pizza","status":"publish","type":"product","link":"https:\/\/gamemaster.net.br\/?product=taco-gato-cabra-queijo-pizza","title":{"rendered":"Taco Gato Cabra Queijo Pizza"},"content":{"rendered":"<p>Guarde estas\u00a0<strong>5<\/strong>\u00a0palavras malucas na cabe\u00e7a.<\/p>\n<p><strong>Jogue<\/strong>\u00a0uma carta enquanto\u00a0<strong>fala<\/strong>\u00a0uma das palavras. Assim que coincidir uma carta jogada com a palavra falada, corra para\u00a0<strong>bater sua m\u00e3o<\/strong>\u00a0na pilha central. O \u00faltimo a bater pega a pilha toda.\u00a0<strong>Seja r\u00e1pido<\/strong>\u00a0para ser o primeiro a se livrar das suas cartas e vencer o jogo.<\/p>\n<p>Mas cuidado! Sua mente ir\u00e1 pregar pe\u00e7as em voc\u00ea. Este jogo viciante \u00e9\u00a0<strong>t\u00e3o \u00fanico<\/strong>\u00a0quanto seu nome. Divirta-se!<\/p>\n<p><span style=\"color: #3366ff;\"><a style=\"color: #3366ff;\" href=\"https:\/\/ludopedia-anexos.nyc3.digitaloceanspaces.com\/taco_gato_cabra_quei_manual_de_regras_em_portugues_148016.pdf\">Baixe aqui o manual<\/a><\/span><\/p>\n<p><iframe loading=\"lazy\" src=\"https:\/\/www.youtube.com\/embed\/1LIaJtUxA2w?start=130&amp;end=749\" width=\"560\" height=\"315\" frameborder=\"0\" allowfullscreen=\"allowfullscreen\"><span data-mce-type=\"bookmark\" style=\"display: inline-block; width: 0px; overflow: hidden; line-height: 0;\" class=\"mce_SELRES_start\">\ufeff<\/span><\/iframe><\/p>\n<p><iframe loading=\"lazy\" src=\"https:\/\/www.youtube.com\/embed\/0rjUiGtWA-s?start=80&amp;end=544\" width=\"560\" height=\"315\" frameborder=\"0\" allowfullscreen=\"allowfullscreen\"><span data-mce-type=\"bookmark\" style=\"display: inline-block; width: 0px; overflow: hidden; line-height: 0;\" class=\"mce_SELRES_start\">\ufeff<\/span><span data-mce-type=\"bookmark\" style=\"display: inline-block; width: 0px; overflow: hidden; line-height: 0;\" class=\"mce_SELRES_start\">\ufeff<\/span><span data-mce-type=\"bookmark\" style=\"display: inline-block; width: 0px; overflow: hidden; line-height: 0;\" class=\"mce_SELRES_start\">\ufeff<\/span><\/iframe><\/p>\n<p><strong>Componentes<\/strong><\/p>\n<ul>\n<li>64 cartas<\/li>\n<li>Folheto de Regras<\/li>\n<\/ul>\n<p hidden=\"\">Paper Games<\/p>\n","protected":false},"excerpt":{"rendered":"<ul>\n<li><strong>Idade: <\/strong>8+<\/li>\n<li><strong>Jogadores:\u00a0<\/strong>2-10<\/li>\n<li><strong>Tempo de jogo:\u00a0<\/strong> 10 minutos<\/li>\n<li><strong>Depend\u00eancia de Idioma:<\/strong> Nenhuma.<\/li>\n<li><strong>Designer:<\/strong>\u00a0Dave Campbell<\/li>\n<li><strong>Dom\u00ednios:<\/strong> Jogo Familiar, Jogo Festivo<\/li>\n<li><strong>Mec\u00e2nicas:<\/strong> Tempo real, Reconhecimento de Padr\u00e3o<\/li>\n<li><strong>Categorias:<\/strong> Jogo de Cartas<\/li>\n<\/ul>\n","protected":false},"featured_media":12000,"comment_status":"open","ping_status":"closed","template":"","meta":{"om_disable_all_campaigns":false,"_monsterinsights_skip_tracking":false,"_monsterinsights_sitenote_active":false,"_monsterinsights_sitenote_note":"","_monsterinsights_sitenote_category":0},"product_brand":[],"product_cat":[119],"product_tag":[197,149,198,150,204,179,207],"class_list":{"0":"post-11818","1":"product","2":"type-product","3":"status-publish","4":"has-post-thumbnail","6":"product_cat-board-games","7":"product_tag-dave-campbell","8":"product_tag-jogo-de-cartas","9":"product_tag-jogo-familiar","10":"product_tag-jogo-festivo","11":"product_tag-paper-games","12":"product_tag-reconhecimento-de-padrao","13":"product_tag-tempo-real","15":"first","16":"instock","17":"shipping-taxable","18":"purchasable","19":"product-type-simple"},"aioseo_notices":[],"_links":{"self":[{"href":"https:\/\/gamemaster.net.br\/index.php?rest_route=\/wp\/v2\/product\/11818","targetHints":{"allow":["GET"]}}],"collection":[{"href":"https:\/\/gamemaster.net.br\/index.php?rest_route=\/wp\/v2\/product"}],"about":[{"href":"https:\/\/gamemaster.net.br\/index.php?rest_route=\/wp\/v2\/types\/product"}],"replies":[{"embeddable":true,"href":"https:\/\/gamemaster.net.br\/index.php?rest_route=%2Fwp%2Fv2%2Fcomments&post=11818"}],"wp:featuredmedia":[{"embeddable":true,"href":"https:\/\/gamemaster.net.br\/index.php?rest_route=\/wp\/v2\/media\/12000"}],"wp:attachment":[{"href":"https:\/\/gamemaster.net.br\/index.php?rest_route=%2Fwp%2Fv2%2Fmedia&parent=11818"}],"wp:term":[{"taxonomy":"product_brand","embeddable":true,"href":"https:\/\/gamemaster.net.br\/index.php?rest_route=%2Fwp%2Fv2%2Fproduct_brand&post=11818"},{"taxonomy":"product_cat","embeddable":true,"href":"https:\/\/gamemaster.net.br\/index.php?rest_route=%2Fwp%2Fv2%2Fproduct_cat&post=11818"},{"taxonomy":"product_tag","embeddable":true,"href":"https:\/\/gamemaster.net.br\/index.php?rest_route=%2Fwp%2Fv2%2Fproduct_tag&post=11818"}],"curies":[{"name":"wp","href":"https:\/\/api.w.org\/{rel}","templated":true}]}}