{"id":11841,"date":"2020-06-17T23:43:16","date_gmt":"2020-06-18T02:43:16","guid":{"rendered":"https:\/\/gamemaster.net.br\/?post_type=product&#038;p=11841"},"modified":"2025-06-12T16:10:53","modified_gmt":"2025-06-12T19:10:53","slug":"bohnanza","status":"publish","type":"product","link":"https:\/\/gamemaster.net.br\/?product=bohnanza","title":{"rendered":"Bohnanza"},"content":{"rendered":"<p>Cultivar feij\u00f5es nunca foi t\u00e3o divertido! Em Bohnanza, voc\u00ea tem dois ou tr\u00eas campos e um punhado de cartas de feij\u00e3o para plantar. O espa\u00e7o para cultivo \u00e9 limitado e a toda hora chegam novas sementes para plantar.<\/p>\n<p>A regra fundamental do jogo \u00e9 que voc\u00ea deve plantar os feij\u00f5es da sua m\u00e3o na ordem que voc\u00ea os recebeu! Voc\u00ea n\u00e3o pode alterar sua m\u00e3o de cartas! Para evitar plantar feij\u00f5es indesejados, fa\u00e7a trocas com outros jogadores, procurando conseguir os que deseja, oferecendo os que eles tenham interesse para seus pr\u00f3prios campos. Trocando com esperteza, voc\u00ea consegue as cartas que quiser sem ajudar demais os outros jogadores.<\/p>\n<p>Al\u00e9m de plantar, voc\u00ea ir\u00e1 colher suas planta\u00e7\u00f5es e vender seus feij\u00f5es! Quanto mais feij\u00f5es de um mesmo tipo forem vendidos, maior ser\u00e1 o seu lucro.<\/p>\n<p>No final do jogo, o jogador com mais dinheiro \u00e9 o vencedor!<\/p>\n<p><span style=\"color: #3366ff;\"><a style=\"color: #3366ff;\" href=\"https:\/\/ludopedia-anexos.nyc3.digitaloceanspaces.com\/bohnanza_por_um_pun_manual_de_regras_em_portugues_92056.pdf\">Baixe aqui o manual<\/a><\/span><\/p>\n<p><iframe loading=\"lazy\" src=\"https:\/\/www.youtube.com\/embed\/YNhyGdaD_KA\" width=\"560\" height=\"315\" frameborder=\"0\" allowfullscreen=\"allowfullscreen\"><\/iframe><\/p>\n<p><iframe loading=\"lazy\" src=\"https:\/\/www.youtube.com\/embed\/Y-QIaEAtVis\" width=\"560\" height=\"315\" frameborder=\"0\" allowfullscreen=\"allowfullscreen\"><\/iframe><\/p>\n<p><strong>Componentes<\/strong><\/p>\n<ul>\n<li>110 cartas, sendo:\n<ul>\n<li>104 Cartas de Feij\u00e3o<\/li>\n<li>5 Cartas de Ajuda ao Jogador<\/li>\n<li>1 Carta de Jogador Inicial<\/li>\n<\/ul>\n<\/li>\n<li>5 Campos de Planta\u00e7\u00e3o \u2013 Frente e Verso<\/li>\n<li>Ber\u00e7o em papel cart\u00e3o<\/li>\n<li>Folheto\u00a0de regras.<\/li>\n<\/ul>\n<p hidden=\"\">Paper Games<\/p>\n","protected":false},"excerpt":{"rendered":"<ul>\n<li><strong>Idade: <\/strong>8+<\/li>\n<li><strong>Jogadores:\u00a0<\/strong>3-5<\/li>\n<li><strong>Tempo de jogo:\u00a0<\/strong> 45 minutos<\/li>\n<li><strong>Depend\u00eancia de Idioma:<\/strong> Pouco texto, facilmente memoriz\u00e1vel.<\/li>\n<li><strong>Designer:<\/strong> Uwe Rosenberg<\/li>\n<li><strong>Artista:<\/strong>\u00a0Bj\u00f6rn Pertoft<\/li>\n<li><strong>Dom\u00ednios:<\/strong> Jogo Familiar<\/li>\n<li><strong>Mec\u00e2nicas:<\/strong> Gest\u00e3o de M\u00e3o, Colecionar Componentes, Negocia\u00e7\u00e3o<\/li>\n<li><strong>Categorias:<\/strong> Jogo de Cartas<\/li>\n<\/ul>\n","protected":false},"featured_media":11842,"comment_status":"open","ping_status":"closed","template":"","meta":{"om_disable_all_campaigns":false,"_monsterinsights_skip_tracking":false,"_monsterinsights_sitenote_active":false,"_monsterinsights_sitenote_note":"","_monsterinsights_sitenote_category":0},"product_brand":[],"product_cat":[119],"product_tag":[129,130,149,198,155,204,203],"class_list":{"0":"post-11841","1":"product","2":"type-product","3":"status-publish","4":"has-post-thumbnail","6":"product_cat-board-games","7":"product_tag-colecionar-componentes","8":"product_tag-gestao-de-mao","9":"product_tag-jogo-de-cartas","10":"product_tag-jogo-familiar","11":"product_tag-negociacao","12":"product_tag-paper-games","13":"product_tag-uwe-rosenberg","15":"first","16":"instock","17":"shipping-taxable","18":"purchasable","19":"product-type-simple"},"aioseo_notices":[],"_links":{"self":[{"href":"https:\/\/gamemaster.net.br\/index.php?rest_route=\/wp\/v2\/product\/11841","targetHints":{"allow":["GET"]}}],"collection":[{"href":"https:\/\/gamemaster.net.br\/index.php?rest_route=\/wp\/v2\/product"}],"about":[{"href":"https:\/\/gamemaster.net.br\/index.php?rest_route=\/wp\/v2\/types\/product"}],"replies":[{"embeddable":true,"href":"https:\/\/gamemaster.net.br\/index.php?rest_route=%2Fwp%2Fv2%2Fcomments&post=11841"}],"wp:featuredmedia":[{"embeddable":true,"href":"https:\/\/gamemaster.net.br\/index.php?rest_route=\/wp\/v2\/media\/11842"}],"wp:attachment":[{"href":"https:\/\/gamemaster.net.br\/index.php?rest_route=%2Fwp%2Fv2%2Fmedia&parent=11841"}],"wp:term":[{"taxonomy":"product_brand","embeddable":true,"href":"https:\/\/gamemaster.net.br\/index.php?rest_route=%2Fwp%2Fv2%2Fproduct_brand&post=11841"},{"taxonomy":"product_cat","embeddable":true,"href":"https:\/\/gamemaster.net.br\/index.php?rest_route=%2Fwp%2Fv2%2Fproduct_cat&post=11841"},{"taxonomy":"product_tag","embeddable":true,"href":"https:\/\/gamemaster.net.br\/index.php?rest_route=%2Fwp%2Fv2%2Fproduct_tag&post=11841"}],"curies":[{"name":"wp","href":"https:\/\/api.w.org\/{rel}","templated":true}]}}