{"id":12016,"date":"2022-01-14T11:41:07","date_gmt":"2022-01-14T14:41:07","guid":{"rendered":"https:\/\/gamemaster.net.br\/?post_type=product&#038;p=12016"},"modified":"2023-11-17T09:57:23","modified_gmt":"2023-11-17T12:57:23","slug":"cine-pipoca","status":"publish","type":"product","link":"https:\/\/gamemaster.net.br\/?product=cine-pipoca","title":{"rendered":"Cine Pipoca"},"content":{"rendered":"<p>Cine Pipoca \u00e9 um jogo de leil\u00e3o e estrat\u00e9gia, em que os jogadores s\u00e3o propriet\u00e1rios de est\u00fadios de cinema em busca de fama, gl\u00f3ria e popularidade!<\/p>\n<p>Visite os Sets de Filmagem e os Festivais de Cinema para contratar renomados diretores, atrizes, atores, astros, estrelas e toda a sua equipe de produ\u00e7\u00e3o!<\/p>\n<p>Complete os roteiros dos seus filmes para lan\u00e7\u00e1-los em cadeia nacional e disputar diversos pr\u00eamios.<\/p>\n<p>O jogador cujo est\u00fadio tiver lan\u00e7ado os filmes mais populares e premiados vence a partida!<\/p>\n<p><span style=\"color: #3366ff;\"><a style=\"color: #3366ff;\" href=\"https:\/\/ludopedia-anexos.nyc3.digitaloceanspaces.com\/cine_pipoca_cine_pipoca_manual_de_regras_188862.pdf\">Baixe aqui o manual.<\/a><\/span><\/p>\n<p><iframe loading=\"lazy\" title=\"YouTube video player\" src=\"https:\/\/www.youtube.com\/embed\/FtClBVZ9xpY?start=89\" width=\"560\" height=\"315\" frameborder=\"0\" allowfullscreen=\"allowfullscreen\"><\/iframe><\/p>\n<p><strong>Componentes<\/strong><\/p>\n<ul>\n<li>22 Cartas de Filmes<\/li>\n<li>93 Cartas de Produ\u00e7\u00e3o<\/li>\n<li>08 Cartas de Sets de Filmagem e Festivais de Cinema<\/li>\n<li>50 Cartas de Dinheiro<\/li>\n<li>30 Fichas de Pontos de Popularidade<\/li>\n<li>11 Marcadores de Pr\u00eamios<\/li>\n<li>01 Marcador de Pipoca<\/li>\n<li>01 Manual de regras<\/li>\n<\/ul>\n","protected":false},"excerpt":{"rendered":"<ul>\n<li><strong>Idade: <\/strong>14+<\/li>\n<li><strong>Jogadores: <\/strong>2-5<\/li>\n<li><strong>Tempo de jogos:\u00a0<\/strong> 60 minutos<\/li>\n<li><strong>Depend\u00eancia de Idioma:<\/strong> Nenhuma.<\/li>\n<li><strong>Designer:<\/strong>\u00a0Reiner Knizia<\/li>\n<li><strong>Artista:<\/strong>\u00a0Marcelo Groo, Daniel Ara\u00fajo, Samuel Marcelino, Alessandra Nogueira, Pablo Murinelli<\/li>\n<li><strong>Dom\u00ednios:<\/strong> Jogos Familiares<\/li>\n<li><strong>Mec\u00e2nicas:<\/strong> Colecionar Componentes, Leil\u00e3o<\/li>\n<li><strong>Categorias:<\/strong> Jogo de Cartas, Jogo de Entrada<\/li>\n<\/ul>\n","protected":false},"featured_media":12018,"comment_status":"open","ping_status":"closed","template":"","meta":{"om_disable_all_campaigns":false,"_monsterinsights_skip_tracking":false,"_monsterinsights_sitenote_active":false,"_monsterinsights_sitenote_note":"","_monsterinsights_sitenote_category":0},"product_brand":[],"product_cat":[119],"product_tag":[129,242,149,222,128,180,182],"class_list":{"0":"post-12016","1":"product","2":"type-product","3":"status-publish","4":"has-post-thumbnail","6":"product_cat-board-games","7":"product_tag-colecionar-componentes","8":"product_tag-imagine-jogos","9":"product_tag-jogo-de-cartas","10":"product_tag-jogo-de-entrada","11":"product_tag-jogos-familiares","12":"product_tag-leilao","13":"product_tag-reiner-knizia","15":"first","16":"instock","17":"shipping-taxable","18":"purchasable","19":"product-type-simple"},"aioseo_notices":[],"_links":{"self":[{"href":"https:\/\/gamemaster.net.br\/index.php?rest_route=\/wp\/v2\/product\/12016","targetHints":{"allow":["GET"]}}],"collection":[{"href":"https:\/\/gamemaster.net.br\/index.php?rest_route=\/wp\/v2\/product"}],"about":[{"href":"https:\/\/gamemaster.net.br\/index.php?rest_route=\/wp\/v2\/types\/product"}],"replies":[{"embeddable":true,"href":"https:\/\/gamemaster.net.br\/index.php?rest_route=%2Fwp%2Fv2%2Fcomments&post=12016"}],"wp:featuredmedia":[{"embeddable":true,"href":"https:\/\/gamemaster.net.br\/index.php?rest_route=\/wp\/v2\/media\/12018"}],"wp:attachment":[{"href":"https:\/\/gamemaster.net.br\/index.php?rest_route=%2Fwp%2Fv2%2Fmedia&parent=12016"}],"wp:term":[{"taxonomy":"product_brand","embeddable":true,"href":"https:\/\/gamemaster.net.br\/index.php?rest_route=%2Fwp%2Fv2%2Fproduct_brand&post=12016"},{"taxonomy":"product_cat","embeddable":true,"href":"https:\/\/gamemaster.net.br\/index.php?rest_route=%2Fwp%2Fv2%2Fproduct_cat&post=12016"},{"taxonomy":"product_tag","embeddable":true,"href":"https:\/\/gamemaster.net.br\/index.php?rest_route=%2Fwp%2Fv2%2Fproduct_tag&post=12016"}],"curies":[{"name":"wp","href":"https:\/\/api.w.org\/{rel}","templated":true}]}}