{"id":12367,"date":"2023-10-11T15:07:01","date_gmt":"2023-10-11T18:07:01","guid":{"rendered":"https:\/\/gamemaster.net.br\/?product=o-bom-do-videogame"},"modified":"2024-02-03T09:26:56","modified_gmt":"2024-02-03T12:26:56","slug":"o-bom-do-videogame","status":"publish","type":"product","link":"https:\/\/gamemaster.net.br\/?product=o-bom-do-videogame","title":{"rendered":"O Bom do Videogame"},"content":{"rendered":"<p>Em O Bom do Videogame, os jogadores ser\u00e3o crian\u00e7as no in\u00edcio dos anos 90. Eles dividem sua aten\u00e7\u00e3o entre conseguir dinheiro para divers\u00e3o, estudar, comprar revistas, alugar jogos e jogar o m\u00e1ximo que puder.<\/p>\n<p>Tudo isso acontece por meio de uma grade de a\u00e7\u00f5es que determina as atividades da semana. Ela fornece recursos para o fim de semana, como pedir dinheiro para alugar jogos ou ir ao jornaleiro comprar uma revista com um \u201cdetonado\u201d.<\/p>\n<p>O jogo tamb\u00e9m simula o relacionamento da crian\u00e7a com seus pais. Pedir dinheiro ou jogos de presente geram promessas de estudo, que atrapalham a jogatina, for\u00e7ando o jogador a estudar para ser digno dos benef\u00edcios, mesmo que precise deixar o videogame de lado para isso.<\/p>\n<p><a href=\"https:\/\/ludopedia-anexos.nyc3.digitaloceanspaces.com\/o_bom_do_videogame_livro_de_regras_o_bom_do_vid_221583.pdf\">Baixe aqui o manual do jogo<\/a><\/p>\n<p><iframe loading=\"lazy\" title=\"YouTube video player\" src=\"https:\/\/www.youtube.com\/embed\/60DiMZ5JPJc?si=D9LjkctcBA2z2lQ8\" width=\"560\" height=\"315\" frameborder=\"0\" allowfullscreen=\"allowfullscreen\"><\/iframe><\/p>\n<p><strong>Componentes<\/strong><\/p>\n<ul>\n<li>17 Cartas de Reputa\u00e7\u00e3o<\/li>\n<li>15 Cartas de Revista<\/li>\n<li>5 Cartas de Jogo Inicial<\/li>\n<li>1 Carta Guia<\/li>\n<li>30 Cartas de Jogos<\/li>\n<li>15 Meeples personalizados (3 de cada formato\/jogador)<\/li>\n<li>1 Saquinho de Novidades<\/li>\n<li>1 Saco de Fichas de Bot\u00e3o<\/li>\n<li>10 Cubos<\/li>\n<li>40 Cristais de Novidade<\/li>\n<li>40 Granas<\/li>\n<li>80 Marcadores de Jogado\/Zerado<\/li>\n<li>25 Fichas de Promessa<\/li>\n<li>50 Fichas de Bot\u00e3o<\/li>\n<li>1 Pe\u00e7a de Iniciativa<\/li>\n<li>1 Pe\u00e7a de Descarte<\/li>\n<li>8 Pe\u00e7as de A\u00e7\u00e3o<\/li>\n<li>1 Bloco de Pontua\u00e7\u00e3o<\/li>\n<li>5 Cadernos de Passwords<\/li>\n<li>Livro de regras<\/li>\n<\/ul>\n","protected":false},"excerpt":{"rendered":"<ul>\n<li><strong>Idade: <\/strong>12+<\/li>\n<li><strong>Jogadores:\u00a0<\/strong>2-5<\/li>\n<li><strong>Tempo de jogo:\u00a0<\/strong> 60 minutos<\/li>\n<li><strong>Designer:<\/strong>\u00a0Patrick Matheus, Andr\u00e9 Luiz Silva Negr\u00e3o<\/li>\n<li><strong>Artista:<\/strong>\u00a0Patrick Matheus, Harumi Namba, Marcela Freire, Yan Kyohara, Jo\u00e3o Vagner, Raqsonu Duhu, Ivan Inagaki, Tamie Gadelha, Brenda Vasconcellos, Amanda Duarte, Gustavo Lima, Limetown Studios, Filipe Laurentino, Lucas Torquato, Michel Gomes, Mar\u00edlia Gomes, Rodrigo Camilo Alves De Almeida, Andr\u00e9 Cardozo, Natalia Bacetti, Raphael Massarani, Ernanda Souza, Thiago Richau, Marcelo Bastos, Mad Boogie Creations, Marcelo Rhasdra, Renato Le\u00f4ncio, Laura Gra\u00e7a<\/li>\n<li><strong>Dom\u00ednios:<\/strong> Jogos Expert<\/li>\n<li><strong>Mec\u00e2nicas:<\/strong> Gerenciamento de M\u00e3os, Colecionar Conjuntos, Ordem de Fases Vari\u00e1vel, Sele\u00e7\u00e3o de A\u00e7\u00e3o<\/li>\n<\/ul>\n","protected":false},"featured_media":12397,"comment_status":"open","ping_status":"closed","template":"","meta":{"om_disable_all_campaigns":false,"_monsterinsights_skip_tracking":false,"_monsterinsights_sitenote_active":false,"_monsterinsights_sitenote_note":"","_monsterinsights_sitenote_category":0},"product_brand":[],"product_cat":[119],"product_tag":[349,124,335,324,157,158,338,327],"class_list":{"0":"post-12367","1":"product","2":"type-product","3":"status-publish","4":"has-post-thumbnail","6":"product_cat-board-games","7":"product_tag-andre-luiz-silva-negrao","8":"product_tag-calamity-games","9":"product_tag-colecionar-conjuntos","10":"product_tag-gerenciamento-de-maos","11":"product_tag-jogos-expert","12":"product_tag-ordem-de-fases-variavel","13":"product_tag-patrick-matheus","14":"product_tag-selecao-de-acao-simultanea","16":"first","17":"instock","18":"shipping-taxable","19":"purchasable","20":"product-type-simple"},"aioseo_notices":[],"_links":{"self":[{"href":"https:\/\/gamemaster.net.br\/index.php?rest_route=\/wp\/v2\/product\/12367","targetHints":{"allow":["GET"]}}],"collection":[{"href":"https:\/\/gamemaster.net.br\/index.php?rest_route=\/wp\/v2\/product"}],"about":[{"href":"https:\/\/gamemaster.net.br\/index.php?rest_route=\/wp\/v2\/types\/product"}],"replies":[{"embeddable":true,"href":"https:\/\/gamemaster.net.br\/index.php?rest_route=%2Fwp%2Fv2%2Fcomments&post=12367"}],"wp:featuredmedia":[{"embeddable":true,"href":"https:\/\/gamemaster.net.br\/index.php?rest_route=\/wp\/v2\/media\/12397"}],"wp:attachment":[{"href":"https:\/\/gamemaster.net.br\/index.php?rest_route=%2Fwp%2Fv2%2Fmedia&parent=12367"}],"wp:term":[{"taxonomy":"product_brand","embeddable":true,"href":"https:\/\/gamemaster.net.br\/index.php?rest_route=%2Fwp%2Fv2%2Fproduct_brand&post=12367"},{"taxonomy":"product_cat","embeddable":true,"href":"https:\/\/gamemaster.net.br\/index.php?rest_route=%2Fwp%2Fv2%2Fproduct_cat&post=12367"},{"taxonomy":"product_tag","embeddable":true,"href":"https:\/\/gamemaster.net.br\/index.php?rest_route=%2Fwp%2Fv2%2Fproduct_tag&post=12367"}],"curies":[{"name":"wp","href":"https:\/\/api.w.org\/{rel}","templated":true}]}}