{"id":12683,"date":"2024-10-30T11:08:24","date_gmt":"2024-10-30T14:08:24","guid":{"rendered":"https:\/\/gamemaster.net.br\/?post_type=product&#038;p=12683"},"modified":"2025-06-12T16:10:26","modified_gmt":"2025-06-12T19:10:26","slug":"batman-gotham-city-sem-lei","status":"publish","type":"product","link":"https:\/\/gamemaster.net.br\/?product=batman-gotham-city-sem-lei","title":{"rendered":"BATMAN GOTHAM CITY SEM LEI"},"content":{"rendered":"<p>Transforme-se em um supervil\u00e3o em BATMAN: GOTHAM CITY SEM LEI!<\/p>\n<p>Domine os distritos de Gotham City, recrute os mais experientes vil\u00f5es para aumentar sua influ\u00eancia. Seja esperto ficando \u00e0 frente de seus advers\u00e1rios subindo na hierarquia do submundo.<br \/>\nCuidado, o Asilo Arkham espera por aqueles que falham. Alcance 10 pontos de influ\u00eancia e torne-se o maior inimigo\u00a0do\u00a0Batman!<\/p>\n<p><span style=\"color: #3366ff;\"><a style=\"color: #3366ff;\" href=\"https:\/\/ludopedia-anexos.nyc3.digitaloceanspaces.com\/batman_gotham_city_manual_batman_gotham_city_sem_250720.pdf\" target=\"_blank\" rel=\"noopener noreferrer\">Baixe sua regra aqui!<\/a><\/span><\/p>\n<p><iframe loading=\"lazy\" title=\"YouTube video player\" src=\"https:\/\/www.youtube.com\/embed\/yt_uFMzLQDY?si=bacG3zqCm8UouPFH\" width=\"560\" height=\"315\" frameborder=\"0\" allowfullscreen=\"allowfullscreen\"><\/iframe><\/p>\n<h4>Componentes:<\/h4>\n<ul>\n<li>40 Cartas de vil\u00f5es<\/li>\n<li>1 Carta do Batman<\/li>\n<li>1 Carta do Coringa<\/li>\n<li>7 Cartas de pontos de influ\u00eancia<\/li>\n<li>7 Cartas do Asilo Arkham (pontos de vida)<\/li>\n<li>14 Cintas para registro de pontos<\/li>\n<li>6 Pe\u00e7as de Gotham City<\/li>\n<li>1 Moeda do Duas-Caras<\/li>\n<li>1 Marcador do Bat-Sinal<\/li>\n<\/ul>\n","protected":false},"excerpt":{"rendered":"<ul>\n<li><strong>Idade:<\/strong> 14+<\/li>\n<li><strong>Jogadores:<\/strong> 4-7<\/li>\n<li><strong>Tempo de jogo:<\/strong>\u00a020min<\/li>\n<li><strong>Designer<\/strong>: Gustavo Barreto, Alessandro de Oliveira<\/li>\n<li><strong>Artista:<\/strong>\u00a0Marcelo Groo<\/li>\n<li><strong>Mec\u00e2nicas:<\/strong> Colecionar Conjuntos, Sele\u00e7\u00e3o de A\u00e7\u00e3o Simult\u00e2nea, Toma Essa<\/li>\n<li><strong>Categorias:<\/strong>\u00a0Jogo Familiar, Jogo Festivo, Jogo de Cartas<\/li>\n<\/ul>\n","protected":false},"featured_media":12684,"comment_status":"open","ping_status":"closed","template":"","meta":{"om_disable_all_campaigns":false,"_monsterinsights_skip_tracking":false,"_monsterinsights_sitenote_active":false,"_monsterinsights_sitenote_note":"","_monsterinsights_sitenote_category":0},"product_brand":[],"product_cat":[119],"product_tag":[248,274,335,273,149,198,150,327,154],"class_list":{"0":"post-12683","1":"product","2":"type-product","3":"status-publish","4":"has-post-thumbnail","6":"product_cat-board-games","7":"product_tag-across-the-board","8":"product_tag-alessandro-de-oliveira","9":"product_tag-colecionar-conjuntos","10":"product_tag-gustavo-barreto","11":"product_tag-jogo-de-cartas","12":"product_tag-jogo-familiar","13":"product_tag-jogo-festivo","14":"product_tag-selecao-de-acao-simultanea","15":"product_tag-toma-essa","17":"first","18":"instock","19":"shipping-taxable","20":"purchasable","21":"product-type-simple"},"aioseo_notices":[],"_links":{"self":[{"href":"https:\/\/gamemaster.net.br\/index.php?rest_route=\/wp\/v2\/product\/12683","targetHints":{"allow":["GET"]}}],"collection":[{"href":"https:\/\/gamemaster.net.br\/index.php?rest_route=\/wp\/v2\/product"}],"about":[{"href":"https:\/\/gamemaster.net.br\/index.php?rest_route=\/wp\/v2\/types\/product"}],"replies":[{"embeddable":true,"href":"https:\/\/gamemaster.net.br\/index.php?rest_route=%2Fwp%2Fv2%2Fcomments&post=12683"}],"wp:featuredmedia":[{"embeddable":true,"href":"https:\/\/gamemaster.net.br\/index.php?rest_route=\/wp\/v2\/media\/12684"}],"wp:attachment":[{"href":"https:\/\/gamemaster.net.br\/index.php?rest_route=%2Fwp%2Fv2%2Fmedia&parent=12683"}],"wp:term":[{"taxonomy":"product_brand","embeddable":true,"href":"https:\/\/gamemaster.net.br\/index.php?rest_route=%2Fwp%2Fv2%2Fproduct_brand&post=12683"},{"taxonomy":"product_cat","embeddable":true,"href":"https:\/\/gamemaster.net.br\/index.php?rest_route=%2Fwp%2Fv2%2Fproduct_cat&post=12683"},{"taxonomy":"product_tag","embeddable":true,"href":"https:\/\/gamemaster.net.br\/index.php?rest_route=%2Fwp%2Fv2%2Fproduct_tag&post=12683"}],"curies":[{"name":"wp","href":"https:\/\/api.w.org\/{rel}","templated":true}]}}