{"id":12734,"date":"2025-12-04T22:37:50","date_gmt":"2025-12-05T01:37:50","guid":{"rendered":"https:\/\/gamemaster.net.br\/?post_type=product&#038;p=12734"},"modified":"2025-12-04T22:45:50","modified_gmt":"2025-12-05T01:45:50","slug":"conquest-mystic-invasions","status":"publish","type":"product","link":"https:\/\/gamemaster.net.br\/?product=conquest-mystic-invasions","title":{"rendered":"Conquest: Mystic Invasions"},"content":{"rendered":"<p>Em Conquest: Mystic Invasions, os jogadores assumem o papel de poderosos feiticeiros encarregados de recrutar magos e usar suas habilidades para conquistar torres m\u00edsticas e construir o maior de todos os reinos.<br \/>\nDesafie seus oponentes em batalhas \u00e9picas, fortale\u00e7a suas torres com melhorias encantadas e invoque monstros m\u00e1gicos para defend\u00ea-las. No final da jornada, o jogador que obtiver mais pontos de vit\u00f3ria ser\u00e1 coroado o grande Conquistador M\u00edstico.<\/p>\n<p><span style=\"color: #3366ff;\"><a style=\"color: #3366ff;\" href=\"https:\/\/ludopedia-anexos.nyc3.cdn.digitaloceanspaces.com\/conquest_mystic_inv_manual_conquest_mystic_inva_309424.pdf\" target=\"_blank\" rel=\"noopener noreferrer\">Baixe sua regra aqui!<\/a><\/span><\/p>\n<p><iframe loading=\"lazy\" title=\"YouTube video player\" src=\"https:\/\/www.youtube.com\/embed\/lGQKqzTVmcY?si=JlryFlJ7ZODz1YsE&amp;start=220\" width=\"560\" height=\"315\" frameborder=\"0\" allowfullscreen=\"allowfullscreen\"><\/iframe><\/p>\n<h4>Componentes:<\/h4>\n<ul>\n<li>12 cartas de torre<\/li>\n<li>8 cartas de monstro<\/li>\n<li>40 cartas de magos<\/li>\n<li>8 marcadores de trof\u00e9u<\/li>\n<li>1 marcador de Eras<\/li>\n<li>1 manual de regras<\/li>\n<\/ul>\n","protected":false},"excerpt":{"rendered":"<ul>\n<li><strong>Idade:<\/strong> 8+<\/li>\n<li><strong>Jogadores:<\/strong> 2-4<\/li>\n<li><strong>Tempo de jogo:<\/strong>\u00a0 30 min<\/li>\n<li><strong>Designer<\/strong>: Gustavo Silveira<\/li>\n<li><strong>Artista:<\/strong> \u00a0Bruno Marquez,\u00a0JVC_Artz<\/li>\n<li><strong>Dom\u00ednios:<\/strong> Jogos Familiares, Jogo de Cartas,<\/li>\n<li><strong>Mec\u00e2nicas:<\/strong> Apostas e Blefes, B\u00f4nus de Fim de Jogo, Cartas Multiuso, Combina\u00e7\u00e3o, Gerenciamento de M\u00e3os, Resolu\u00e7\u00e3o de Conflitos por Cartas, Toma Essa<\/li>\n<\/ul>\n","protected":false},"featured_media":12735,"comment_status":"open","ping_status":"closed","template":"","meta":{"om_disable_all_campaigns":false,"_monsterinsights_skip_tracking":false,"_monsterinsights_sitenote_active":false,"_monsterinsights_sitenote_note":"","_monsterinsights_sitenote_category":0},"product_brand":[],"product_cat":[119],"product_tag":[325,336,124,445,429,324,444,149,443,154],"class_list":{"0":"post-12734","1":"product","2":"type-product","3":"status-publish","4":"has-post-thumbnail","6":"product_cat-board-games","7":"product_tag-apostas-e-blefes","8":"product_tag-bonus-de-fim-de-jogo","9":"product_tag-calamity-games","10":"product_tag-cartas-multiuso","11":"product_tag-combinacao","12":"product_tag-gerenciamento-de-maos","13":"product_tag-gustavo-silveira","14":"product_tag-jogo-de-cartas","15":"product_tag-resolucao-de-conflitos-por-cartas","16":"product_tag-toma-essa","18":"first","19":"instock","20":"shipping-taxable","21":"purchasable","22":"product-type-simple"},"aioseo_notices":[],"_links":{"self":[{"href":"https:\/\/gamemaster.net.br\/index.php?rest_route=\/wp\/v2\/product\/12734","targetHints":{"allow":["GET"]}}],"collection":[{"href":"https:\/\/gamemaster.net.br\/index.php?rest_route=\/wp\/v2\/product"}],"about":[{"href":"https:\/\/gamemaster.net.br\/index.php?rest_route=\/wp\/v2\/types\/product"}],"replies":[{"embeddable":true,"href":"https:\/\/gamemaster.net.br\/index.php?rest_route=%2Fwp%2Fv2%2Fcomments&post=12734"}],"wp:featuredmedia":[{"embeddable":true,"href":"https:\/\/gamemaster.net.br\/index.php?rest_route=\/wp\/v2\/media\/12735"}],"wp:attachment":[{"href":"https:\/\/gamemaster.net.br\/index.php?rest_route=%2Fwp%2Fv2%2Fmedia&parent=12734"}],"wp:term":[{"taxonomy":"product_brand","embeddable":true,"href":"https:\/\/gamemaster.net.br\/index.php?rest_route=%2Fwp%2Fv2%2Fproduct_brand&post=12734"},{"taxonomy":"product_cat","embeddable":true,"href":"https:\/\/gamemaster.net.br\/index.php?rest_route=%2Fwp%2Fv2%2Fproduct_cat&post=12734"},{"taxonomy":"product_tag","embeddable":true,"href":"https:\/\/gamemaster.net.br\/index.php?rest_route=%2Fwp%2Fv2%2Fproduct_tag&post=12734"}],"curies":[{"name":"wp","href":"https:\/\/api.w.org\/{rel}","templated":true}]}}