{"id":12740,"date":"2025-12-05T10:40:05","date_gmt":"2025-12-05T13:40:05","guid":{"rendered":"https:\/\/gamemaster.net.br\/?post_type=product&#038;p=12740"},"modified":"2025-12-05T11:08:17","modified_gmt":"2025-12-05T14:08:17","slug":"disc-cover","status":"publish","type":"product","link":"https:\/\/gamemaster.net.br\/?product=disc-cover","title":{"rendered":"Disc Cover"},"content":{"rendered":"<p>Viva a combina\u00e7\u00e3o perfeita entre m\u00fasica, imagens e divers\u00e3o! Em Disc Cover, voc\u00ea escolhe uma m\u00fasica da sua lista, associa \u00e0 capa de disco que mais combina com ela ou tenta adivinhar as escolhas dos outros jogadores.<\/p>\n<p>Entre harmonia e cacofonia, ser\u00e1 que voc\u00eas conseguem se conectar e escolher as capas que melhor traduzem a trilha sonora escolhida? Com 100 ilustra\u00e7\u00f5es vibrantes e surreais, criadas por mais de 70 artistas talentosos, Disc Cover transforma qualquer encontro em uma festa criativa, ideal para quem ama m\u00fasica e bons momentos com amigos e fam\u00edlia.<\/p>\n<p>Para quem prefere uma competi\u00e7\u00e3o acirrada, Disc Cover tamb\u00e9m conta com uma variante competitiva, adicionando ainda mais emo\u00e7\u00e3o \u00e0s partidas.<\/p>\n<p>Conecte-se atrav\u00e9s da m\u00fasica, compartilhe seus artistas favoritos e descubra o que as suas m\u00fasicas favoritas revelam sobre voc\u00ea! Em Disc Cover, cada partida \u00e9 uma viagem sonora e visual inesquec\u00edvel!<\/p>\n<p>Disc Cover \u2013 Solte o Som, Solte a Imagina\u00e7\u00e3o!<\/p>\n<p><span style=\"color: #3366ff;\"><a style=\"color: #3366ff;\" href=\"https:\/\/ludopedia-anexos.nyc3.cdn.digitaloceanspaces.com\/disc_cover_manual_de_regras_em_portugues_298330.pdf\" target=\"_blank\" rel=\"noopener noreferrer\">Baixe sua regra aqui!<\/a><\/span><\/p>\n<p><iframe loading=\"lazy\" title=\"YouTube video player\" src=\"https:\/\/www.youtube.com\/embed\/Efb4YHzzGA8?si=Q14cXZ3RepCXA0ta\" width=\"560\" height=\"315\" frameborder=\"0\" allowfullscreen=\"allowfullscreen\"><\/iframe><\/p>\n<h4><\/h4>\n<h4>Componentes:<\/h4>\n<ul>\n<li>50 Cartas de Capa de Disco (Frente e Verso)<\/li>\n<li>32 Cartas de Voto<\/li>\n<li>4 Cartas de Disco<\/li>\n<li>56 Fichas de Pontua\u00e7\u00e3o<\/li>\n<li>1 Ficha de Primeiro Jogador<\/li>\n<li>1 Cat\u00e1logo Art\u00edstico<\/li>\n<li>Folheto de Regras<\/li>\n<\/ul>\n","protected":false},"excerpt":{"rendered":"<ul>\n<li><strong>Idade:<\/strong> 7+<\/li>\n<li><strong>Jogadores:<\/strong> 3-8<\/li>\n<li><strong>Tempo de jogo:<\/strong> 20 min<\/li>\n<li><strong>Designer<\/strong> Roberto Fraga,\u00a0Juan Manuel Rivero<\/li>\n<li><strong>Mec\u00e2nicas:<\/strong> Cooperativo,\u00a0Vota\u00e7\u00e3o<\/li>\n<li><strong>Categorias:<\/strong> <a class=\"text-primary\" href=\"https:\/\/ludopedia.com.br\/categoria\/109\">Jogo de Cartas<\/a>,\u00a0<a class=\"text-primary\" href=\"https:\/\/ludopedia.com.br\/categoria\/111\">Jogo de Entrada<\/a>,\u00a0<a class=\"text-primary\" href=\"https:\/\/ludopedia.com.br\/categoria\/113\">Jogo Festivo<\/a><\/li>\n<\/ul>\n","protected":false},"featured_media":12741,"comment_status":"open","ping_status":"closed","template":"","meta":{"om_disable_all_campaigns":false,"_monsterinsights_skip_tracking":false,"_monsterinsights_sitenote_active":false,"_monsterinsights_sitenote_note":"","_monsterinsights_sitenote_category":0},"product_brand":[],"product_cat":[119],"product_tag":[206,149,222,150,451,204,450,213],"class_list":{"0":"post-12740","1":"product","2":"type-product","3":"status-publish","4":"has-post-thumbnail","6":"product_cat-board-games","7":"product_tag-cooperativo","8":"product_tag-jogo-de-cartas","9":"product_tag-jogo-de-entrada","10":"product_tag-jogo-festivo","11":"product_tag-juan-manuel-rivero","12":"product_tag-paper-games","13":"product_tag-roberto-fraga","14":"product_tag-votacao","16":"first","17":"instock","18":"shipping-taxable","19":"purchasable","20":"product-type-simple"},"aioseo_notices":[],"_links":{"self":[{"href":"https:\/\/gamemaster.net.br\/index.php?rest_route=\/wp\/v2\/product\/12740","targetHints":{"allow":["GET"]}}],"collection":[{"href":"https:\/\/gamemaster.net.br\/index.php?rest_route=\/wp\/v2\/product"}],"about":[{"href":"https:\/\/gamemaster.net.br\/index.php?rest_route=\/wp\/v2\/types\/product"}],"replies":[{"embeddable":true,"href":"https:\/\/gamemaster.net.br\/index.php?rest_route=%2Fwp%2Fv2%2Fcomments&post=12740"}],"wp:featuredmedia":[{"embeddable":true,"href":"https:\/\/gamemaster.net.br\/index.php?rest_route=\/wp\/v2\/media\/12741"}],"wp:attachment":[{"href":"https:\/\/gamemaster.net.br\/index.php?rest_route=%2Fwp%2Fv2%2Fmedia&parent=12740"}],"wp:term":[{"taxonomy":"product_brand","embeddable":true,"href":"https:\/\/gamemaster.net.br\/index.php?rest_route=%2Fwp%2Fv2%2Fproduct_brand&post=12740"},{"taxonomy":"product_cat","embeddable":true,"href":"https:\/\/gamemaster.net.br\/index.php?rest_route=%2Fwp%2Fv2%2Fproduct_cat&post=12740"},{"taxonomy":"product_tag","embeddable":true,"href":"https:\/\/gamemaster.net.br\/index.php?rest_route=%2Fwp%2Fv2%2Fproduct_tag&post=12740"}],"curies":[{"name":"wp","href":"https:\/\/api.w.org\/{rel}","templated":true}]}}